7)/(-18) is divided by q?
11
Suppose 331 + 9 = -5*c. Let m = -41 - c. Suppose 14*b - 13*b - 3*g - 20 = 0, 3*b = 5*g + 52. What is the remainder when m is divided by b?
13
Suppose 0*b = 2*b - 94. Suppose 0*j + 9 = -3*j, 5*j - 7 = -2*o. Let h = b - o. What is the remainder when h is divided by 13?
10
Let i = -74 - -193. What is the remainder when i is divided by 57?
5
Let x(t) = -259*t**3 - t**2 - 44*t - 44. What is the remainder when x(-1) is divided by 87?
84
Let n be (45/(-2))/(1/4). Let q = -350 + 192. Let f = n - q. Calculate the remainder when f is divided by 35.
33
Suppose -5*u + r - 68 = -188, -3*r = 3*u - 72. What is the remainder when u is divided by 21?
3
Suppose 4*d - 80 = 2*y, -y + 0*y - d - 43 = 0. Let u be 1/6 + (-203)/y. Suppose u*m - 21 = 34. Calculate the remainder when 32 is divided by m.
10
Let l be 6/(-9) + 114/9. Suppose -5*v + 68 + l = 0. Calculate the remainder when ((-27)/4)/((-3)/12) is divided by v.
11
Let p(u) = -u**3 + 14*u**2 + 14*u + 15. Let v be p(15). Suppose v = 2*y - 34 - 6. Let w = 24 + -13. Calculate the remainder when y is divided by w.
9
Suppose 3*n - 2*t - 71 - 66 = 0, 5*n - 4*t = 229. Calculate the remainder when n is divided by 41.
4
Let f = 8 - 0. Let l(r) = 3*r**2 - 10*r - 2. What is the remainder when l(f) is divided by 28?
26
Suppose -30*k - 6*k + 11556 = 0. What is the remainder when k is divided by 85?
66
Let j(f) = f**3 - 9*f**2 + f + 4. Let g be j(9). Let v = 2 + g. Calculate the remainder when 59 is divided by v.
14
Let c(p) be the first derivative of 1/2*p**2 - 9*p + 8/3*p**3 + 1/4*p**4 + 11. What is the remainder when c(-7) is divided by 9?
6
Suppose 107*r = 117*r - 420. What is the remainder when 87 is divided by r?
3
Let n = 148 - 102. Let m = 5 - 1. Suppose -m = 3*g - n. What is the remainder when 54 is divided by g?
12
Let s(v) be the third derivative of -v**6/60 - v**5/30 - v**4/8 - 3*v**2. What is the remainder when 1 + 42 + -2 + -1 is divided by s(-2)?
12
What is the remainder when 150 is divided by 770/50 - 24/(-15)?
14
Let d(u) = -u**3 + 7. Let n(y) = 2*y**3 - 7*y**2 - 14*y + 45. Calculate the remainder when d(0) is divided by n(4).
2
Let w = 109 - 42. Calculate the remainder when w is divided by (-51)/4*416/(-312).
16
What is the remainder when 95 is divided by (-1690)/(-390)*(4 - 2/2)?
4
Let f = 2590 + -2532. Calculate the remainder when 168 is divided by f.
52
Suppose -85 + 3375 = 94*y. Calculate the remainder when 41 is divided by y.
6
Suppose 3*d + 0*d = -6. Let q be 45 - d*(-4)/(-8). Let o = 65 - q. Calculate the remainder when o is divided by 7.
5
Let x = 2018 + -1939. Calculate the remainder when 555 is divided by x.
2
Let x be -4 + (4 - -4) + 6. Suppose -5*j + x*j - 155 = 0. Let n = -18 + j. What is the remainder when n is divided by 8?
5
Suppose 5*r - 4*z - 26 = 164, 0 = -4*r + 5*z + 143. What is the remainder when r is divided by 10?
2
Let x = 0 + -17. Suppose 3 + 7 = 2*r. What is the remainder when (x/(-1) + -4)*1 is divided by r?
3
Suppose 3*z = -3*f + 407 - 26, -f + 5 = 0. Calculate the remainder when z is divided by 16.
10
Let c(h) = -6*h. Suppose 4*t + 5 + 15 = 0. Let g(v) = -19*v + 353. What is the remainder when c(t) is divided by g(18)?
8
Suppose 8 = o - 14. Calculate the remainder when 1116/13 - (-4)/26 is divided by o.
20
Let d(t) = -t**2 + 4*t + 4. Let m be d(4). What is the remainder when m - 1*(-11 + -1) is divided by 7?
2
Let q(j) = 2*j**2 + 2*j - 289. Let r be 1*-1 - -1 - 29. Let k = 97 + r. Calculate the remainder when k is divided by q(-13).
22
Suppose 4*p - 5*y = -p + 75, 0 = 3*p - 2*y - 47. Let u = 9 - 5. What is the remainder when p is divided by 20/(-16) - -1 - (-25)/u?
5
Let o = 55 - 41. Let t = -4 + o. What is the remainder when t is divided by 3?
1
Let b = 41 - 18. Suppose -8 = 4*f, -3*x - 5*f + 177 = -86. What is the remainder when x is divided by b?
22
Suppose 9*p = 12*p - 60. Suppose -w = 1 - 12. Suppose 4*l + 5*u - w = 28, -15 = -l - 3*u. What is the remainder when p is divided by l?
2
Let k = 243 - 203. Calculate the remainder when 195 is divided by k.
35
Suppose x - 30 = 1. What is the remainder when 121/1*(1 - 0) is divided by x?
28
Let v be 9 + 1 + 1 + -1. Suppose 0 = v*b - 79 - 41. Calculate the remainder when b is divided by 8.
4
Suppose -a - z = -41, 125*z = 3*a + 129*z - 121. Suppose l - 12 + 3 = 0. What is the remainder when a is divided by l?
7
Let f(c) = -c**2 - 8*c - 3. Let o be f(-8). Let v be (16/12)/((-2)/o). Suppose 5 = -v*z + 25. What is the remainder when 19 is divided by z?
9
Suppose -2*z - 4*g = -110, 2*z = -3*z + g + 264. Suppose 2*t = -8*i + 54, -4*t + 21 = -5*i - 45. Calculate the remainder when z is divided by t.
15
What is the remainder when 1934/12 - (-148)/(-888) is divided by 18?
17
Suppose 3*r = -2*o + 157, 0*o - 4*o = r - 59. Let s = r + 49. Calculate the remainder when s is divided by 21.
16
Let u(c) = -3*c - 43. Let d be u(-14). What is the remainder when 42 is divided by 33/1*(d - 4/(-3))?
9
Let u = 271 + 175. Calculate the remainder when u is divided by 14.
12
Suppose 6*s + 0*s = 30. Suppose -84 = -0*p - 3*p. Suppose p = 4*r + 8. What is the remainder when s is divided by r?
0
Suppose -6*k = -k - 310. What is the remainder when k is divided by 3*8 + (-2)/8*-32?
30
Calculate the remainder when 15 is divided by 456/30 - 36/30.
1
Let a = -9 + 32. What is the remainder when 69 is divided by a?
0
Suppose 3*m = 7 + 137. Calculate the remainder when m is divided by (-1)/((-5)/120) - -2.
22
Let m(b) = -b**3 - 4*b**2 + 9*b + 14. What is the remainder when m(-7) is divided by 34?
30
Let m = -52 + 90. Suppose 5*w + 3*t = 767, 126*t + 449 = 3*w + 125*t. What is the remainder when w is divided by m?
37
Let n(p) = p**3 + 8*p**2. Let i be n(-8). Let s = -25 + 37. Suppose -2*r + s = -i. What is the remainder when 17 is divided by r?
5
Let s(a) = -a**3 - 13*a**2 + 26*a - 51. Calculate the remainder when 97 is divided by s(-15).
7
Suppose 0 = g - 0 + 5, -3*g = 5*j - 20. Suppose d + j = 17. Calculate the remainder when 77 is divided by d.
7
Let s be 171/(-114) + 131/2. Let x(i) = -i**2 - 4*i + 1. Let f be x(-3). Let y = s - f. Calculate the remainder when y is divided by 21.
18
Let u be (1 + -7)/(((-108)/(-8))/(-9)). Suppose u*c = -5*c + 207. Suppose 2*n + 3 = -n, 0 = 5*s + 2*n - 63. Calculate the remainder when c is divided by s.
10
Let f = -31 + 33. Suppose 0 = -f*k - 2*n + 24, -5*k = -0*k + n - 72. What is the remainder when 19 is divided by k?
4
Let m = -2563 + 2645. Let o = 62 - 41. What is the remainder when m is divided by o?
19
Let j = 80 + -71. Calculate the remainder when 33 is divided by j.
6
Let k = 123 - 530. Calculate the remainder when 40 is divided by 2/(-5) + k/(-55).
5
Let d(t) be the third derivative of t**4/4 - 3*t**3/2 + 135*t**2. Let r(k) = -k. Let x be r(-6). What is the remainder when d(x) is divided by 5?
2
Suppose 4*s - 4*m - 504 = 0, -4*m - m - 370 = -3*s. Calculate the remainder when s is divided by 69.
61
Let z(d) = -2*d**3 - 4*d**2 - 4*d - 2. Let q be z(-2). Let o = 0 + q. Let h(j) = -11*j + 99. What is the remainder when h(8) is divided by o?
5
Suppose -20 = -5*z - 5. Suppose 4*h + 8 = 3*s - 47, -3*h = -z*s + 57. What is the remainder when ((-130)/(-10))/((-7)/(-21)) is divided by s?
18
Let b(l) = l**3 + 7*l**2 + 66. Calculate the remainder when 26 is divided by b(-8).
0
Suppose x - 21 + 0 = 0. Suppose 3*j - 18 = -75. Let c = 30 + j. What is the remainder when x is divided by c?
10
Suppose -172 = -4*m + 4*j, -4*j + 6 = -7*j. What is the remainder when 899 is divided by m?
38
Let z = 26 - 14. Let h be 5 - z/((-8)/(-2)). What is the remainder when (-1)/(h - 18/8) is divided by 2?
0
Suppose -h = -5*q + 1260, 77 + 679 = 3*q + 5*h. Let r = q + -149. What is the remainder when r is divided by 4?
3
What is the remainder when (2 + (-144)/15)/((-2)/10) is divided by 10?
8
Let j(y) be the first derivative of -y**3/3 + 5*y**2 - 6*y - 2. Let i be j(9). Suppose i*u - 186 = -3. Calculate the remainder when u is divided by 21.
19
Let n(k) = 3*k**2 + 2*k - 17. What is the remainder when n(7) is divided by 39?
27
Let h = 11 - -1. Let i = -17147 + 17192. What is the remainder when i is divided by h?
9
Suppose -14*z = -5*z - 954. Let g = -96 + z. What is the remainder when 36 is divided by g?
6
Suppose 4*f - 4*x + 